{"id":213778,"date":"2020-04-22T07:09:29","date_gmt":"2020-04-22T06:09:29","guid":{"rendered":"http:\/\/castelnau-gites-chambresdhotes.com\/2020\/?page_id=213778"},"modified":"2020-12-14T17:54:37","modified_gmt":"2020-12-14T16:54:37","slug":"politique-de-confidentialite","status":"publish","type":"page","link":"https:\/\/castelnau-gites-chambresdhotes.com\/2020\/politique-de-confidentialite\/","title":{"rendered":"Politique de confidentialit\u00e9"},"content":{"rendered":"\r\n<h2>Qui sommes-nous\u00a0?<\/h2>\r\n\r\n\r\n\r\n<p>L\u2019adresse de notre site Web est :<\/p>\r\n<p>http:\/\/castelnau-gites-chambresdhotes.com.<\/p>\r\n\r\n\r\n\r\n<h2>Utilisation des donn\u00e9es personnelles collect\u00e9es<\/h2>\r\n\r\n\r\n\r\n<h3>Commentaires<\/h3>\r\n\r\n\r\n\r\n<p>Aucune donn\u00e9e n&rsquo;est enregistr\u00e9 sur le site.<\/p>\r\n\r\n\r\n\r\n<p>Une cha\u00eene anonymis\u00e9e cr\u00e9\u00e9e \u00e0 partir de votre adresse de messagerie (\u00e9galement appel\u00e9e hash) peut \u00eatre envoy\u00e9e au service Gravatar pour v\u00e9rifier si vous utilisez ce dernier. Les clauses de confidentialit\u00e9 du service Gravatar sont disponibles ici\u00a0: https:\/\/automattic.com\/privacy\/. Apr\u00e8s validation de votre commentaire, votre photo de profil sera visible publiquement \u00e0 cot\u00e9 de votre commentaire.<\/p>\r\n\r\n\r\n\r\n<h3>M\u00e9dias<\/h3>\r\n\r\n\r\n\r\n<p>Aucune donn\u00e9e n&rsquo;est enregistr\u00e9e depuis le site internet.<\/p>\r\n\r\n\r\n\r\n<h3>Formulaires de contact<\/h3>\r\n\r\n\r\n\r\n<h3>Cookies<\/h3>\r\n\r\n\r\n\r\n<p>Il n&rsquo;y a pas de cookie enregistr\u00e9 sur votre ordinateur depuis notre site internet, formulaire de contact compris, les donn\u00e9es ne sont en aucun cas enregistr\u00e9e, et donc de ce fait non distribu\u00e9e \u00e0 des tiers.<\/p>\r\n\r\n\r\n\r\n<h3>Contenu embarqu\u00e9 depuis d\u2019autres sites<\/h3>\r\n\r\n\r\n\r\n<p>Les articles de ce site peuvent inclure des contenus int\u00e9gr\u00e9s (par exemple des vid\u00e9os, images, articles\u2026). Le contenu int\u00e9gr\u00e9 depuis d\u2019autres sites se comporte de la m\u00eame mani\u00e8re que si le visiteur se rendait sur cet autre site.<\/p>\r\n\r\n\r\n\r\n<p>Ces sites web pourraient collecter des donn\u00e9es sur vous, utiliser des cookies, embarquer des outils de suivis tiers, suivre vos interactions avec ces contenus embarqu\u00e9s si vous disposez d\u2019un compte connect\u00e9 sur leur site web.<\/p>\r\n\r\n\r\n\r\n<h3>Statistiques et mesures d\u2019audience<\/h3>\r\n<p>Google stats, enregistre uniquement la provenance, la dur\u00e9e de navigation, depuis le site provenant de vous. Le site de Castelnau n&rsquo;enregistre aucunement les donn\u00e9es vous concernant.<\/p>\r\n\r\n\r\n\r\n<h2>Utilisation et transmission de vos donn\u00e9es personnelles<\/h2>\r\n\r\n\r\n\r\n<h2>Dur\u00e9es de stockage de vos donn\u00e9es<\/h2>\r\n\r\n\r\n\r\n<p>Il n&rsquo;y pas la possibilit\u00e9 de laisser des commentaires sur le site, formulaire de contact compris<\/p>\r\n\r\n\r\n\r\n<h2>Les droits que vous avez sur vos donn\u00e9es<\/h2>\r\n\r\n\r\n\r\n<p>Aucune donn\u00e9e n&rsquo;est enregistr\u00e9 sur le site, formulaire de contact compris.<\/p>\r\n\r\n\r\n\r\n<h2>Transmission de vos donn\u00e9es personnelles<\/h2>\r\n\r\n\r\n\r\n<p>Aucune donn\u00e9e n&rsquo;est enregistr\u00e9 sur le site, formulaire de contact compris.<\/p>\r\n<p>Au cas ou des donn\u00e9es seraient enregistr\u00e9e sans l&rsquo;accord de leur propri\u00e9taire et des chambres d&rsquo;h\u00f4tes, celles-ci seraient effac\u00e9es sous 15 jours automatiquement. Si vous voulez les effacer, vous avez la possibilit\u00e9 de demander un effacement plus rapides.<\/p>\r\n","protected":false},"excerpt":{"rendered":"<p>Qui sommes-nous\u00a0? L\u2019adresse de notre site Web est : http:\/\/castelnau-gites-chambresdhotes.com. Utilisation des donn\u00e9es personnelles collect\u00e9es Commentaires Aucune donn\u00e9e n&rsquo;est enregistr\u00e9 sur le site. Une cha\u00eene anonymis\u00e9e cr\u00e9\u00e9e \u00e0 partir de votre adresse de messagerie (\u00e9galement appel\u00e9e hash) peut \u00eatre envoy\u00e9e au service Gravatar pour v\u00e9rifier si vous utilisez ce dernier. Les clauses de confidentialit\u00e9 du [&hellip;]<\/p>\n","protected":false},"author":1,"featured_media":0,"parent":0,"menu_order":0,"comment_status":"closed","ping_status":"closed","template":"","meta":{"_et_pb_use_builder":"","_et_pb_old_content":"","_et_gb_content_width":""},"yoast_head":"<!-- This site is optimized with the Yoast SEO plugin v14.6.1 - https:\/\/yoast.com\/wordpress\/plugins\/seo\/ -->\n<title>Politique de confidentialit\u00e9 - Castelnau - Chambres d&#039;h\u00f4te<\/title>\n<meta name=\"robots\" content=\"index, follow\" \/>\n<meta name=\"googlebot\" content=\"index, follow, max-snippet:-1, max-image-preview:large, max-video-preview:-1\" \/>\n<meta name=\"bingbot\" content=\"index, follow, max-snippet:-1, max-image-preview:large, max-video-preview:-1\" \/>\n<link rel=\"canonical\" href=\"https:\/\/castelnau-gites-chambresdhotes.com\/2020\/politique-de-confidentialite\/\" \/>\n<meta property=\"og:locale\" content=\"fr_FR\" \/>\n<meta property=\"og:type\" content=\"article\" \/>\n<meta property=\"og:title\" content=\"Politique de confidentialit\u00e9 - Castelnau - Chambres d&#039;h\u00f4te\" \/>\n<meta property=\"og:description\" content=\"Qui sommes-nous\u00a0? L\u2019adresse de notre site Web est : http:\/\/castelnau-gites-chambresdhotes.com. Utilisation des donn\u00e9es personnelles collect\u00e9es Commentaires Aucune donn\u00e9e n&rsquo;est enregistr\u00e9 sur le site. Une cha\u00eene anonymis\u00e9e cr\u00e9\u00e9e \u00e0 partir de votre adresse de messagerie (\u00e9galement appel\u00e9e hash) peut \u00eatre envoy\u00e9e au service Gravatar pour v\u00e9rifier si vous utilisez ce dernier. Les clauses de confidentialit\u00e9 du [&hellip;]\" \/>\n<meta property=\"og:url\" content=\"https:\/\/castelnau-gites-chambresdhotes.com\/2020\/politique-de-confidentialite\/\" \/>\n<meta property=\"og:site_name\" content=\"Castelnau - Chambres d&#039;h\u00f4te\" \/>\n<meta property=\"article:modified_time\" content=\"2020-12-14T16:54:37+00:00\" \/>\n<script type=\"application\/ld+json\" class=\"yoast-schema-graph\">{\"@context\":\"https:\/\/schema.org\",\"@graph\":[{\"@type\":\"WebSite\",\"@id\":\"https:\/\/castelnau-gites-chambresdhotes.com\/2020\/#website\",\"url\":\"https:\/\/castelnau-gites-chambresdhotes.com\/2020\/\",\"name\":\"Castelnau - Chambres d&#039;h\\u00f4te\",\"description\":\"Le monde de Rachel\",\"potentialAction\":[{\"@type\":\"SearchAction\",\"target\":\"https:\/\/castelnau-gites-chambresdhotes.com\/2020\/?s={search_term_string}\",\"query-input\":\"required name=search_term_string\"}],\"inLanguage\":\"fr-FR\"},{\"@type\":\"WebPage\",\"@id\":\"https:\/\/castelnau-gites-chambresdhotes.com\/2020\/politique-de-confidentialite\/#webpage\",\"url\":\"https:\/\/castelnau-gites-chambresdhotes.com\/2020\/politique-de-confidentialite\/\",\"name\":\"Politique de confidentialit\\u00e9 - Castelnau - Chambres d&#039;h\\u00f4te\",\"isPartOf\":{\"@id\":\"https:\/\/castelnau-gites-chambresdhotes.com\/2020\/#website\"},\"datePublished\":\"2020-04-22T06:09:29+00:00\",\"dateModified\":\"2020-12-14T16:54:37+00:00\",\"inLanguage\":\"fr-FR\",\"potentialAction\":[{\"@type\":\"ReadAction\",\"target\":[\"https:\/\/castelnau-gites-chambresdhotes.com\/2020\/politique-de-confidentialite\/\"]}]}]}<\/script>\n<!-- \/ Yoast SEO plugin. -->","_links":{"self":[{"href":"https:\/\/castelnau-gites-chambresdhotes.com\/2020\/wp-json\/wp\/v2\/pages\/213778"}],"collection":[{"href":"https:\/\/castelnau-gites-chambresdhotes.com\/2020\/wp-json\/wp\/v2\/pages"}],"about":[{"href":"https:\/\/castelnau-gites-chambresdhotes.com\/2020\/wp-json\/wp\/v2\/types\/page"}],"author":[{"embeddable":true,"href":"https:\/\/castelnau-gites-chambresdhotes.com\/2020\/wp-json\/wp\/v2\/users\/1"}],"replies":[{"embeddable":true,"href":"https:\/\/castelnau-gites-chambresdhotes.com\/2020\/wp-json\/wp\/v2\/comments?post=213778"}],"version-history":[{"count":3,"href":"https:\/\/castelnau-gites-chambresdhotes.com\/2020\/wp-json\/wp\/v2\/pages\/213778\/revisions"}],"predecessor-version":[{"id":215146,"href":"https:\/\/castelnau-gites-chambresdhotes.com\/2020\/wp-json\/wp\/v2\/pages\/213778\/revisions\/215146"}],"wp:attachment":[{"href":"https:\/\/castelnau-gites-chambresdhotes.com\/2020\/wp-json\/wp\/v2\/media?parent=213778"}],"curies":[{"name":"wp","href":"https:\/\/api.w.org\/{rel}","templated":true}]}}